{"id":11,"date":"2015-05-19T18:22:38","date_gmt":"2015-05-19T18:22:38","guid":{"rendered":"http:\/\/siivousvuoksi.fi\/wp\/?page_id=11"},"modified":"2022-01-19T11:05:39","modified_gmt":"2022-01-19T11:05:39","slug":"palvelut-kotitalouksille","status":"publish","type":"page","link":"https:\/\/siivousvuoksi.fi\/index.php\/palvelut-kotitalouksille\/","title":{"rendered":"Palvelut kotitalouksille"},"content":{"rendered":"<div data-elementor-type=\"wp-page\" data-elementor-id=\"11\" class=\"elementor elementor-11\" data-elementor-post-type=\"page\">\n\t\t\t\t\t\t<section class=\"elementor-section elementor-top-section elementor-element elementor-element-42ab66b1 elementor-section-boxed elementor-section-height-default elementor-section-height-default\" data-id=\"42ab66b1\" data-element_type=\"section\">\n\t\t\t\t\t\t<div class=\"elementor-container elementor-column-gap-default\">\n\t\t\t\t\t<div class=\"elementor-column elementor-col-100 elementor-top-column elementor-element elementor-element-38512869\" data-id=\"38512869\" data-element_type=\"column\">\n\t\t\t<div class=\"elementor-widget-wrap elementor-element-populated\">\n\t\t\t\t\t\t<div class=\"elementor-element elementor-element-13fe069c elementor-widget elementor-widget-text-editor\" data-id=\"13fe069c\" data-element_type=\"widget\" data-widget_type=\"text-editor.default\">\n\t\t\t\t<div class=\"elementor-widget-container\">\n\t\t\t<style>\/*! elementor - v3.20.0 - 26-03-2024 *\/\n.elementor-widget-text-editor.elementor-drop-cap-view-stacked .elementor-drop-cap{background-color:#69727d;color:#fff}.elementor-widget-text-editor.elementor-drop-cap-view-framed .elementor-drop-cap{color:#69727d;border:3px solid;background-color:transparent}.elementor-widget-text-editor:not(.elementor-drop-cap-view-default) .elementor-drop-cap{margin-top:8px}.elementor-widget-text-editor:not(.elementor-drop-cap-view-default) .elementor-drop-cap-letter{width:1em;height:1em}.elementor-widget-text-editor .elementor-drop-cap{float:left;text-align:center;line-height:1;font-size:50px}.elementor-widget-text-editor .elementor-drop-cap-letter{display:inline-block}<\/style><h3>S\u00e4\u00e4nn\u00f6llinen kotisiivous<\/h3>\nMyymme <strong>s\u00e4\u00e4nn\u00f6llisi\u00e4 siivouspalveluita koteihin<\/strong>, asiakkaan kanssa sovittavin tiheyksin. Siivousty\u00f6n lis\u00e4ksi tarjoamme my\u00f6s <strong>pyykki-, kauppa-, asiointi- ja saattajapalveluita.<\/strong> Kotisiivouksia tekee kahden ty\u00f6ntekij\u00e4n parikko tai yksitt\u00e4iset ty\u00f6ntekij\u00e4t.\n<h3>Kertaluonteiset ikkunanpesut, muuttosiivoukset ym.<\/h3>\nSuoritamme my\u00f6s <strong>kertaluonteisia siivouksia kodeissa<\/strong>, kuten perussiivoukset, ikkunanpesut, muuttosiivoukset yms. Saamme yleens\u00e4 j\u00e4rjestym\u00e4\u00e4n ty\u00f6ntekij\u00e4n \u00e4killisiin tarpeisiin nopeasti, mutta sesonkisiivoukset, kuten <strong>joulu- ja kev\u00e4tsiivoukset<\/strong> kannattaa tilata hyviss\u00e4 ajoin.\n<h3>Omaishoidon palveluseteli<\/h3>\nOlemme yhteisty\u00f6ss\u00e4 Koskenhoidon kanssa, joten voimme tuottaa palveluitamme my\u00f6s omaishoidon palveluseteleit\u00e4 vastaan.\n<h3>Hinnoittelu<\/h3>\n<strong>Siivousaineet ja -v\u00e4lineet sis\u00e4ltyv\u00e4t meill\u00e4 aina tuntihintaan.\u00a0<\/strong>Tehdyst\u00e4 ty\u00f6st\u00e4 laskutamme siihen k\u00e4ytetyn ajan mukaan nelj\u00e4nnestunnin tarkkuudella.\u00a0<strong>Matkoista emme veloita erikseen<\/strong>\u00a0Imatran kaupungin alueella. Et\u00e4\u00e4mm\u00e4ll\u00e4 sijaitsevista kohteista neuvottelemme kanssanne tapauskohtaisesti erikseen matkakustannusten osalta.\n\nSiivouksen voi maksaa k\u00e4teisell\u00e4 tai voimme l\u00e4hett\u00e4\u00e4 laskun siivouksen j\u00e4lkeen.\n\nVoit pyyt\u00e4\u00e4 hinta-arvion kohteellesi soittamalla, l\u00e4hett\u00e4m\u00e4ll\u00e4 s\u00e4hk\u00f6postia tai tulemalla k\u00e4ym\u00e4\u00e4n toimistollamme.\n<h2>Siivousvuoksen lahjavinkki!<\/h2>\n<a href=\"http:\/\/siivousvuoksi.fi\/wp-content\/uploads\/2015\/05\/Lahjakortti.jpg\"><img fetchpriority=\"high\" decoding=\"async\" class=\"alignnone size-medium wp-image-259\" src=\"http:\/\/siivousvuoksi.fi\/wp-content\/uploads\/2015\/05\/Lahjakortti-300x200.jpg\" alt=\"lahjakortti\" width=\"300\" height=\"200\" srcset=\"https:\/\/siivousvuoksi.fi\/wp-content\/uploads\/2015\/05\/Lahjakortti-300x200.jpg 300w, https:\/\/siivousvuoksi.fi\/wp-content\/uploads\/2015\/05\/Lahjakortti-2x1.jpg 2w, https:\/\/siivousvuoksi.fi\/wp-content\/uploads\/2015\/05\/Lahjakortti.jpg 576w\" sizes=\"(max-width: 300px) 100vw, 300px\" \/><\/a>\n\nSiivousvuoksen kotisiivouslahjakortti on lahja, jonka voit hankkia niin mummolle, vaarille, is\u00e4lle, \u00e4idille, lapselle, kummille kuin kaimallekin. Puhdas koti ja enemm\u00e4n omaa aikaa on luksusta, jota voit jollekin t\u00e4rke\u00e4lle hankkia.\n\nLahjakortteja on saatavilla haluamallesi tuntim\u00e4\u00e4r\u00e4lle. Autamme mielell\u00e4mme sopivan tuntim\u00e4\u00e4r\u00e4n valinnassa! Kysy lis\u00e4\u00e4 puh. 020 8333 208, siivousvuoksi(a)siivousvuoksi.fi tai pist\u00e4ytym\u00e4ll\u00e4 toimistollemme.\t\t<\/div>\n\t\t\t\t<\/div>\n\t\t\t\t\t<\/div>\n\t\t<\/div>\n\t\t\t\t\t<\/div>\n\t\t<\/section>\n\t\t\t\t<\/div>","protected":false},"excerpt":{"rendered":"<p>S\u00e4\u00e4nn\u00f6llinen kotisiivous Myymme s\u00e4\u00e4nn\u00f6llisi\u00e4 siivouspalveluita koteihin, asiakkaan kanssa sovittavin tiheyksin. Siivousty\u00f6n lis\u00e4ksi tarjoamme my\u00f6s pyykki-, kauppa-, asiointi- ja saattajapalveluita. Kotisiivouksia tekee kahden ty\u00f6ntekij\u00e4n parikko tai yksitt\u00e4iset ty\u00f6ntekij\u00e4t. Kertaluonteiset ikkunanpesut, muuttosiivoukset ym. Suoritamme my\u00f6s kertaluonteisia siivouksia kodeissa, kuten perussiivoukset, ikkunanpesut, muuttosiivoukset yms. Saamme yleens\u00e4 j\u00e4rjestym\u00e4\u00e4n ty\u00f6ntekij\u00e4n \u00e4killisiin tarpeisiin nopeasti, mutta sesonkisiivoukset, kuten joulu- ja kev\u00e4tsiivoukset kannattaa [&hellip;]<\/p>\n","protected":false},"author":3,"featured_media":0,"parent":0,"menu_order":0,"comment_status":"closed","ping_status":"closed","template":"","meta":{"_improvement_type_select":"improve_an_existing","_thumb_yes_seoaic":false,"_frame_yes_seoaic":false,"seoaic_generate_description":"","seoaic_improve_instructions_prompt":"","seoaic_rollback_content_improvement":"","seoaic_idea_thumbnail_generator":"","seoaic_article_description":"","footnotes":""},"class_list":["post-11","page","type-page","status-publish","hentry"],"_links":{"self":[{"href":"https:\/\/siivousvuoksi.fi\/index.php\/wp-json\/wp\/v2\/pages\/11","targetHints":{"allow":["GET"]}}],"collection":[{"href":"https:\/\/siivousvuoksi.fi\/index.php\/wp-json\/wp\/v2\/pages"}],"about":[{"href":"https:\/\/siivousvuoksi.fi\/index.php\/wp-json\/wp\/v2\/types\/page"}],"author":[{"embeddable":true,"href":"https:\/\/siivousvuoksi.fi\/index.php\/wp-json\/wp\/v2\/users\/3"}],"replies":[{"embeddable":true,"href":"https:\/\/siivousvuoksi.fi\/index.php\/wp-json\/wp\/v2\/comments?post=11"}],"version-history":[{"count":26,"href":"https:\/\/siivousvuoksi.fi\/index.php\/wp-json\/wp\/v2\/pages\/11\/revisions"}],"predecessor-version":[{"id":655,"href":"https:\/\/siivousvuoksi.fi\/index.php\/wp-json\/wp\/v2\/pages\/11\/revisions\/655"}],"wp:attachment":[{"href":"https:\/\/siivousvuoksi.fi\/index.php\/wp-json\/wp\/v2\/media?parent=11"}],"curies":[{"name":"wp","href":"https:\/\/api.w.org\/{rel}","templated":true}]}}